= 0. What is the remainder when a(g) is divided by 10?
8
Let q(a) = -5 + 3*a + 4 - 3*a**2 + a**3 - 1. Let r be q(2). Suppose v - 10 - 2 = r. Calculate the remainder when 34 is divided by v.
10
Suppose 23 = -5*o + 78. Suppose 2*x = 2*p - 7 - o, p = -4*x - 1. Calculate the remainder when 19 is divided by p.
5
Suppose -5*s + 0*t + 2*t + 127 = 0, -3*t = 2*s - 66. What is the remainder when s is divided by 16?
11
Suppose -525 = -242*j + 237*j. What is the remainder when j is divided by 27?
24
Let c(l) = -l + 23. What is the remainder when c(-12) is divided by 4?
3
Let r = 137 - 54. Calculate the remainder when r is divided by 23.
14
Suppose -3*w + 55 = 10. Calculate the remainder when 58 is divided by w.
13
Suppose 4*i + u - 33 = 254, 2*i = -u + 145. Calculate the remainder when 34 is divided by (-4)/(-16) - i/(-4).
16
Let d = 1 + 1. Let z = 61 + -28. What is the remainder when (2 - z/12)*-4 is divided by d?
1
Let p = 46 + -4. Suppose -5*y = -4*x - 192, -x - 240 = 4*x + y. Let g = -26 - x. Calculate the remainder when p is divided by g.
20
Let k(c) = -c**3 + 4*c**2 + 5*c + 7. Calculate the remainder when 26 is divided by k(5).
5
Let k = -3 + 20. Let d = 45 - k. Calculate the remainder when 110 is divided by d.
26
Suppose -5*p + 3*p + 106 = 0. Suppose 0 = -2*i - 2*i - 2*v + 224, p = i + 2*v. What is the remainder when i is divided by 15?
12
Suppose -7 = -3*y + 2. Suppose 34 = 5*k + 5*r - 61, -k + 25 = y*r. What is the remainder when 30 is divided by k?
14
Let q = 214 + -196. What is the remainder when 66 is divided by q?
12
Calculate the remainder when (-114)/(-9) - 2/(-6) is divided by (-1)/2 - (-11)/2.
3
Suppose 2*a - 76 = -4*n, -2*a - n + 38 = -a. What is the remainder when a is divided by 13?
12
Suppose -5*x = -4*f - 2*x + 351, f - 109 = 5*x. Suppose -34 + f = 2*b. Calculate the remainder when b is divided by 9.
7
Let d be 26/(2/(-1))*1. Let o = 1 - d. Let u(z) = -14*z - 2. Calculate the remainder when u(-2) is divided by o.
12
Suppose -3*b + 86 = -b. Suppose 0 = -5*j + b + 2. Calculate the remainder when 26 is divided by j.
8
Let j = 85 - 59. Suppose b = -b + j. What is the remainder when b is divided by 7?
6
Suppose -8*q = -13*q + 420. What is the remainder when q is divided by 22?
18
Suppose 4*i = -3*q + 5*i + 59, 2*i + 13 = q. Suppose -q*h = -17*h - 132. Let d(t) = t**3 - 2*t**2 - 5*t + 6. Calculate the remainder when h is divided by d(4).
15
Suppose o + 3*q + q = -23, -5*q - 6 = -2*o. Let u = -4 - o. Calculate the remainder when 34 is divided by 1/1 - (u - 14).
10
Suppose 3*l - 9 = 3*h, 5*l - 2*h = 12 + 3. Suppose -l*n - 3 = 0, 3*n = j + 2*n - 25. Calculate the remainder when 94 is divided by j.
22
Suppose -4*a = 5*g - 169, 2*g - 6*g + 200 = 5*a. Suppose 65 = -3*p + 8*p. What is the remainder when a is divided by p?
10
Let t be (-3)/18*4*-3. Let i(m) = m**3 - m**2 + 2. Calculate the remainder when 17 is divided by i(t).
5
Let v = -10 - -25. Let z = 3 + v. Calculate the remainder when z is divided by 5.
3
Let b be 4 + -5 + 2 + -1. Suppose -5*z + b*z = -55. Suppose 2*w + 2*w - 16 = 0. Calculate the remainder when z is divided by w.
3
Suppose 4*r + 16 = 0, 15 = 2*m - 5*r - 21. Calculate the remainder when 31 is divided by m.
7
Let j(n) = -n**2 + 7*n + 9. Let r(y) = y + 3 - 2 - 7. Calculate the remainder when r(7) is divided by j(8).
0
Let g(f) = 2*f**3 - 6*f**2 + f - 2. Let h(q) = q**2 + 2*q - 12. Calculate the remainder when g(4) is divided by h(-6).
10
Suppose 29 + 1 = 5*j. Suppose 4 = g - j. What is the remainder when 29 is divided by g?
9
Suppose 0 = -0*y + y - 50. Calculate the remainder when y is divided by 13.
11
Let f = 42 + -18. Calculate the remainder when f is divided by 14.
10
Let z(s) = -s**3 - 4*s**2 + 8*s - 5. What is the remainder when 91 is divided by z(-6)?
15
Suppose g - f - 43 = -2*g, -36 = -2*g - 3*f. What is the remainder when 58 is divided by g?
13
Let u = 9 - 13. Calculate the remainder when (54/u)/(1/(-2)) is divided by 14.
13
Let j be 24/(-40)*(-10 - 0). Suppose 0 = -3*z + 6 + j. Calculate the remainder when 11 is divided by z.
3
Let b = 98 + -82. Calculate the remainder when 93 is divided by b.
13
Let q(y) = -y**2 + 11*y - 12. Let p be q(10). Let v = p - -4. What is the remainder when 1 - ((-55 - 3) + v) is divided by 15?
12
Let m be (-2)/(-5) + (-102)/30. What is the remainder when 10 is divided by ((-4)/12)/(m/36)?
2
Let w = -4 - -9. Let c(f) = 48*f - 2. Let m be c(w). Suppose -n - 2*n + m = 5*h, n + 4*h - 91 = 0. What is the remainder when n is divided by 18?
17
Let y(d) = -d**3 - d**2 - d - 2. Let h be 15/(-6)*-2 + 2. Suppose 15 = -h*j + 2*j. Calculate the remainder when 55 is divided by y(j).
17
Let f be 35/14*(-68)/(-10). Suppose -f - 7 = -4*u. Suppose -16 + u = m + 4*g, -g = -3*m + 35. What is the remainder when 28 is divided by m?
8
Suppose -5*v - 2 - 13 = 0. Let z(n) = -n**3 - 3*n**2 - 4*n - 4. Calculate the remainder when z(v) is divided by 5.
3
Let k = 0 - 0. Let o be -1*(3 + k)*1. What is the remainder when (-10)/o*12/10 is divided by 2?
0
Let x(l) = -l**3 - 8*l**2 + 8*l - 6. Calculate the remainder when 5 is divided by x(-9).
2
Suppose -2*s + 1 = -9. Suppose -26 = -s*y + 74. Suppose -5*p = -0*p - 55. What is the remainder when y is divided by p?
9
Suppose 0 = 3*j - 26 - 7. Let v = 416 - 395. What is the remainder when v is divided by j?
10
Let v(f) = 13*f**2 - 1. Suppose 3*h = -7 + 178. Let y = h + -36. What is the remainder when y is divided by v(1)?
9
Let w = 203 - 132. What is the remainder when w is divided by 36?
35
Let j(r) = -r**3 - 4*r**2 - 3*r + 2. Let u be j(-5). Suppose 4*b - 38 = u. Let q = 439 + -400. Calculate the remainder when q is divided by b.
19
Let h(s) be the third derivative of s**4/24 + s**3/6 + s**2. What is the remainder when h(3) is divided by 8/6 - 54/(-81)?
0
Let p = 0 + 1. Let v(f) = 23*f**2 - 1. Calculate the remainder when 64 is divided by v(p).
20
Let g = -16 - -22. Let p = 60 + -58. Calculate the remainder when g is divided by p.
0
Let l = 14 - 11. Suppose -l*b = -b - 16. What is the remainder when 13 is divided by b?
5
Let l = 0 - -2. Suppose u = 5*b - 86, 0*u - l*u = -8. Suppose -64 - b = -4*v + 2*t, -t = 4*v - 79. Calculate the remainder when 39 is divided by v.
19
Suppose -q + 0*q + 12 = 0. Suppose -5*f = -4*b - 5, 2 = -2*b + q. Calculate the remainder when f is divided by 2.
1
Let f be 2/5*(-10)/(-1). Suppose -j + 68 = 3*j - f*a, 52 = 2*j + 4*a. Let r(o) = -o**3 + 7*o**2 + 9*o + 3. What is the remainder when j is divided by r(8)?
9
Suppose 6*n - 8 = n + 2*s, -2*s - 8 = -3*n. Suppose n = 3*r - 4*r - 13. Let y = -8 - r. Calculate the remainder when 9 is divided by y.
4
Let l(t) = 13*t**2 + 2*t - 1. Suppose -j = 2*j. Suppose -2*u = j, -5*u - 32 = -4*f - u. What is the remainder when l(1) is divided by f?
6
Let r = 8 - 4. Suppose -2*z = 2*c - 6*z - 40, -4*c + 20 = r*z. Calculate the remainder when 28 is divided by c.
8
Suppose -5*k = -20 - 20. What is the remainder when k is divided by 0 - (-40)/10*6/8?
2
Let n(w) = -w - 3. Let b(v) = -v - 3. Let z(p) = -3*b(p) + 4*n(p). Let o be z(-2). What is the remainder when 2 + 0 + 61 + o is divided by 21?
20
Suppose f - 39 = 4*d - 6*d, 2*f - 2 = 0. Calculate the remainder when 111 is divided by d.
16
Suppose -o = -y + 2*o + 36, -5*y = 4*o - 85. Let f = y + -6. Calculate the remainder when 28 is divided by f.
13
Let t(m) be the first derivative of -m**3/3 - m**2/2 + 33*m - 5. What is the remainder when t(0) is divided by 9?
6
What is the remainder when ((-2)/(-3))/(5/345) is divided by (-14 + (-1 - 1))/(-1)?
14
Suppose 0 = 4*g - g - 30. Suppose -g = m - 2*m. Suppose 3*b + 53 = 137. Calculate the remainder when b is divided by m.
8
Let r(s) be the second derivative of -s**3/2 - 23*s**2/2 + 8*s. What is the remainder when 11 is divided by r(-10)?
4
Let s = -60 - -72. Calculate the remainder when (-309)/(-9) + (-2)/6 is divided by s.
10
Let f(a) = -3 - a + 2*a**2 + 4*a + 0*a. Let c be 8 - (2 + (-4 - -5)). Calculate the remainder when f(c) is divided by 16.
14
What is the remainder when 17 is divided by ((-20)/(-3))/(14/21)?
7
Suppose 4*n = 3*u - 47 - 30, -4*u = 4*n - 84. What is the remainder when u is divided by 8?
7
Let t(s) = 22*s + 14. What is the remainder when t(5) is divided by 9?
7
Suppose -4*d - d + 5 = 0. Let t(w) = 37*